e tens digit of 660985392?
9
What is the tens digit of 1076265881?
8
What is the hundreds digit of 32909421?
4
What is the ten thousands digit of 1553383?
5
What is the tens digit of 291143191?
9
What is the tens digit of 65840697?
9
What is the hundred thousands digit of 5385405311?
4
What is the millions digit of 4641908245?
1
What is the tens digit of 44837795?
9
What is the thousands digit of 869334168?
4
What is the ten thousands digit of 5698039727?
3
What is the hundred millions digit of 106461487?
1
What is the units digit of 117849541?
1
What is the hundreds digit of 340297705?
7
What is the hundred millions digit of 147434343?
1
What is the tens digit of 74251839?
3
What is the units digit of 1591923404?
4
What is the millions digit of 39249248?
9
What is the hundred millions digit of 618113222?
6
What is the billions digit of 7861753041?
7
What is the hundred millions digit of 262464776?
2
What is the thousands digit of 2631209639?
9
What is the ten millions digit of 466468209?
6
What is the thousands digit of 310348924?
8
What is the hundred millions digit of 3700257747?
7
What is the hundred thousands digit of 3713424604?
4
What is the ten thousands digit of 106171330?
7
What is the thousands digit of 143563712?
3
What is the thousands digit of 74562626?
2
What is the ten millions digit of 90878555?
9
What is the billions digit of 3475578695?
3
What is the thousands digit of 2493190680?
0
What is the hundred thousands digit of 158414888?
4
What is the ten millions digit of 164407920?
6
What is the ten thousands digit of 381069273?
6
What is the hundred thousands digit of 1065958434?
9
What is the units digit of 419336762?
2
What is the billions digit of 7085825013?
7
What is the millions digit of 16545578?
6
What is the ten thousands digit of 1275456754?
5
What is the hundred thousands digit of 55656251?
6
What is the billions digit of 2055869878?
2
What is the thousands digit of 159020113?
0
What is the ten thousands digit of 45831678?
3
What is the ten thousands digit of 50208641?
0
What is the hundred thousands digit of 118866109?
8
What is the units digit of 39654669?
9
What is the ten thousands digit of 799272231?
7
What is the units digit of 273370059?
9
What is the thousands digit of 267283179?
3
What is the hundred thousands digit of 1515199363?
1
What is the thousands digit of 63060559?
0
What is the thousands digit of 578063356?
3
What is the tens digit of 249449518?
1
What is the hundred thousands digit of 1444448598?
4
What is the hundreds digit of 18168358?
3
What is the thousands digit of 197139092?
9
What is the ten millions digit of 236608344?
3
What is the hundred thousands digit of 5266132495?
1
What is the ten thousands digit of 424480434?
8
What is the hundred thousands digit of 2585981736?
9
What is the hundreds digit of 1639324?
3
What is the hundred thousands digit of 4416809278?
8
What is the ten thousands digit of 256842454?
4
What is the millions digit of 257021117?
7
What is the millions digit of 188098768?
8
What is the units digit of 219575521?
1
What is the hundreds digit of 83523482?
4
What is the hundred thousands digit of 92037542?
0
What is the units digit of 383539864?
4
What is the units digit of 1311448078?
8
What is the tens digit of 140708250?
5
What is the thousands digit of 5218699162?
9
What is the thousands digit of 562014542?
4
What is the units digit of 133056807?
7
What is the hundreds digit of 45003711?
7
What is the ten millions digit of 33215311?
3
What is the hundred millions digit of 467244414?
4
What is the ten millions digit of 630678028?
3
What is the ten millions digit of 197034741?
9
What is the hundreds digit of 3225860?
8
What is the ten thousands digit of 305200966?
0
What is the hundreds digit of 37681696?
6
What is the tens digit of 309698736?
3
What is the billions digit of 5219664840?
5
What is the units digit of 2050815628?
8
What is the ten thousands digit of 445555741?
5
What is the thousands digit of 774874014?
4
What is the thousands digit of 44726386?
6
What is the hundreds digit of 833516393?
3
What is the hundred millions digit of 5850589928?
8
What is the hundred thousands digit of 463072372?
0
What is the units digit of 46447421?
1
What is the ten millions digit of 1308543785?
0
What is the ten millions digit of 85139059?
8
What is the millions digit of 482328602?
2
What is the thousands digit of 91348196?
8
What is the ten millions digit of 46363570?
4
What is the thousands digit of 7790369?
0
What is the tens digit of 47080289?
8
What is the hundreds digit of 344751300?
3
What is the millions digit of 36162886?
6
What is the tens digit of 28013976?
7
What is the hundred thousands digit of 2431519203?
5
What is the hundreds digit of 1049209905?
9
What is the hundred millions digit of 679940204?
6
What is the thousands digit of 144890382?
0
What is the thousands digit of 476424253?
4
What is the billions digit of 2741786933?
2
What is the units digit of 118965197?
7
What is the ten thousands digit of 56689757?
8
What is the tens digit of 197287911?
1
What is the tens digit of 31915986?
8
What is the hundred millions digit of 421804673?
4
What is the units digit of 1245068116?
6
What is the ten thousands digit of 721190425?
9
What is the hundred thousands digit of 66911697?
9
What is the thousands digit of 110410718?
0
What is the ten thousands digit of 2046394656?
9
What is the ten thousands digit of 162532525?
3
What is the tens digit of 33940564?
6
What is the hundred millions digit of 871106777?
8
What is the hundred millions digit of 439555996?
4
What is the ten thousands digit of 520284621?
8
What is the ten millions digit of 279194356?
7
What is the thousands digit of 18920076?
0
What is the hundred thousands digit of 1600890723?
8
What is the millions digit of 701337628?
1
What is the millions digit of 341779036?
1
What is the ten millions digit of 1474189045?
7
What is the hundreds digit of 209786952?
9
What is the units digit of 195743304?
4
What is the ten millions digit of 61390126?
6
What is the billions digit of 3371745481?
3
What is the millions digit of 304322426?
4
What is the thousands digit of 32145797?
5
What is the millions digit of 259900302?
9
What is the thousands digit of 587123439?
3
What is the thousands digit of 350787842?
7
What is the ten thousands digit of 9025376333?
7
What is the ten thousands digit of 68637863?
3
What is the hundred thousands digit of 5608488730?
4
What is the hundred thousands digit of 43843888?
8
What is the millions digit of 1729557102?
9
What is the hundred thousands digit of 5497388372?
3
What is the ten thousands digit of 7296154?
9
What is the millions digit of 413653485?
3
What is the hundred thousands digit of 2232902314?
9
What is the hundred millions digit of 297679509?
2
What is the units digit of 345828738?
8
What is the hundreds digit of 553605502?
5
What is the hundreds digit of 689207?
2
What is the thousands digit of 177753204?
3
What is the hundred millions digit of 247335302?
2
What is the units digit of 5708020189?
9
What is the units digit of 45590640?
0
What is the millions digit of 163485884?
3
What is the millions digit of 1105212078?
5
What is the hundreds digit of 136280986?
9
What is the hundred thousands digit of 1358620417?
6
What is the millions digit of 100039456?
0
What is the ten thousands digit of 445489351?
8
What is the tens digit of 88871483?
8
What is the hundreds digit of 184966955?
9
What is the units digit of 12350142?
2
What is the ten thousands digit of 124987331?
8
What is the ten thousands digit of 1753246442?
4
What is the ten thousands digit of 110702157?
0
What is the millions digit of 3366389423?
6
What is the units digit of 60375136?
6
What is the units digit of 2899639404?
4
What is the thousands digit of 92083908?
3
What is the thousands digit of 342440136?
0
What is the thousands digit of 43821152?
1
What is the units digit of 3426869257?
7
What is the units digit of 111254870?
0
What is the hundred millions digit of 404603096?
4
What is the millions digit of 113609402?
3
What is the tens digit of 594944989?
8
What is the billions digit of 1617635183?
1
What is the thousands digit of 44291891?
1
What is the thousands digit of 105820661?
0
What is the hu